{"id":25969,"date":"2025-05-13T07:29:14","date_gmt":"2025-05-13T05:29:14","guid":{"rendered":"https:\/\/garage-rustbeltauto.com\/?post_type=product&#038;p=25969"},"modified":"2025-05-13T07:38:52","modified_gmt":"2025-05-13T05:38:52","slug":"volkswagen-tiguan","status":"publish","type":"product","link":"https:\/\/garage-rustbeltauto.com\/index.php\/product\/volkswagen-tiguan\/","title":{"rendered":"Volkswagen Tiguan"},"content":{"rendered":"<p>Volkswagen Tiguan 1.5TSI DSG JOIN *R-LINE* ACC-LED-PDC-KAM<br \/>\nAnn\u00e9e : 04\/2019<br \/>\nKilom\u00e9trage: 25.925 km (Certifi\u00e9)<br \/>\n\u00c9nergie : Essence \u26fd\ufe0f<br \/>\nBo\u00eete de vitesse : Automatique<br \/>\nPuissance : 110 kW (150 ch)<\/p>\n","protected":false},"excerpt":{"rendered":"<p>Volkswagen Tiguan 1.5TSI DSG JOIN *R-LINE* ACC-LED-PDC-KAM Ann\u00e9e : 04\/2019 Kilom\u00e9trage: 25.925 km (Certifi\u00e9) \u00c9nergie : Essence \u26fd\ufe0f Bo\u00eete de<\/p>\n","protected":false},"featured_media":26535,"comment_status":"open","ping_status":"closed","template":"","meta":[],"product_brand":[],"product_cat":[78],"product_tag":[],"class_list":{"0":"post-25969","1":"product","2":"type-product","3":"status-publish","4":"has-post-thumbnail","6":"product_cat-volkwagen","8":"first","9":"instock","10":"sale","11":"shipping-taxable","12":"purchasable","13":"product-type-simple"},"_links":{"self":[{"href":"https:\/\/garage-rustbeltauto.com\/index.php\/wp-json\/wp\/v2\/product\/25969","targetHints":{"allow":["GET"]}}],"collection":[{"href":"https:\/\/garage-rustbeltauto.com\/index.php\/wp-json\/wp\/v2\/product"}],"about":[{"href":"https:\/\/garage-rustbeltauto.com\/index.php\/wp-json\/wp\/v2\/types\/product"}],"replies":[{"embeddable":true,"href":"https:\/\/garage-rustbeltauto.com\/index.php\/wp-json\/wp\/v2\/comments?post=25969"}],"version-history":[{"count":1,"href":"https:\/\/garage-rustbeltauto.com\/index.php\/wp-json\/wp\/v2\/product\/25969\/revisions"}],"predecessor-version":[{"id":26536,"href":"https:\/\/garage-rustbeltauto.com\/index.php\/wp-json\/wp\/v2\/product\/25969\/revisions\/26536"}],"wp:featuredmedia":[{"embeddable":true,"href":"https:\/\/garage-rustbeltauto.com\/index.php\/wp-json\/wp\/v2\/media\/26535"}],"wp:attachment":[{"href":"https:\/\/garage-rustbeltauto.com\/index.php\/wp-json\/wp\/v2\/media?parent=25969"}],"wp:term":[{"taxonomy":"product_brand","embeddable":true,"href":"https:\/\/garage-rustbeltauto.com\/index.php\/wp-json\/wp\/v2\/product_brand?post=25969"},{"taxonomy":"product_cat","embeddable":true,"href":"https:\/\/garage-rustbeltauto.com\/index.php\/wp-json\/wp\/v2\/product_cat?post=25969"},{"taxonomy":"product_tag","embeddable":true,"href":"https:\/\/garage-rustbeltauto.com\/index.php\/wp-json\/wp\/v2\/product_tag?post=25969"}],"curies":[{"name":"wp","href":"https:\/\/api.w.org\/{rel}","templated":true}]}}